ppose -5*k + 892 = 3*z, 3*k - d = -z - 155. What is the units digit of k?
9
Suppose 30 = 5*y + 3*r - 1217, -4*y + 997 = 3*r. Suppose 4*f + y = -f. What is the tens digit of f/((-4)/2) - 2?
2
Let i(k) = -k**3 + 4*k**2 - 2*k + 6. Let h be i(4). Let n be -4 - (h - 5)*-1. Let c = n - -23. What is the tens digit of c?
1
Let p = -7 - -13. Let h(n) = n**2 - 6*n + 6. Let t be h(p). Suppose u = 4*u - 4*w - 17, u = w + t. What is the units digit of u?
7
Let j be (-8)/(-20) - 6326/(-10). What is the tens digit of j*(-1)/(-3) + -3?
0
Let s(a) = a - 4 + 0*a - 4*a + a. Let y be s(-4). Let x = 25 + y. What is the tens digit of x?
2
Let i(d) = -d**3 + 9*d**2 + 17*d - 4. What is the tens digit of i(10)?
6
Let p = 110 - -1203. What is the thousands digit of p?
1
Let z(x) be the first derivative of x**4/4 - 16*x**3/3 + 8*x**2 - 6*x + 17. What is the units digit of z(15)?
9
Let l(v) be the second derivative of 29*v**4/6 - v**2/2 - 2*v. Let s(z) = -z**2 + 9*z + 1. Let x be s(9). What is the units digit of l(x)?
7
Let x(i) = 35*i - 414. What is the hundreds digit of x(29)?
6
Let y = 472 + 22. What is the tens digit of y?
9
Suppose -5*u = 4*y - 12213, 3 = -u + 8. What is the thousands digit of y?
3
Suppose -3*f + q = 3*q - 2, f - 3*q + 3 = 0. What is the units digit of ((-3 - -1)*-1 - f)*31?
2
Suppose 4*l = 4, -8*l - 7641 = -4*x - 9*l. What is the units digit of x?
0
Let y(f) = f**2 + 7*f - 18. Let p(z) = z**3 - 4*z**2. Let d be p(3). Let n be y(d). Suppose 3*h + n*j = j + 56, -60 = -4*h + 5*j. What is the tens digit of h?
2
Suppose -2*l = -4*l. Suppose x - 3 - 39 = l. Suppose -24 = -3*s + x. What is the units digit of s?
2
Let j(q) = 3*q**3 - 5*q + 11. Let m(n) = n**3 + n**2 - n. Let l(s) = j(s) - 4*m(s). What is the units digit of l(-5)?
1
Suppose -u = 2*u + 6, -3*r + 4*u = -251. Let n = 129 - r. What is the tens digit of n?
4
Suppose 2*u = -2*u + 12. Let c be (-2)/(-5) - (-2)/(-5) - -28. Suppose c = -u*y + 4*y. What is the tens digit of y?
2
Let c = 3031 - 922. What is the thousands digit of c?
2
Let r be 153/21 + (-10)/35. Suppose 4*t + 333 = r*t. What is the hundreds digit of t?
1
Let z(w) = 119 + 2*w**3 + w**2 - 2*w**2 - 11*w + 13*w. What is the hundreds digit of z(0)?
1
Suppose 5*y - 5355 = -3*c, -1091 - 1082 = -2*y + 5*c. What is the thousands digit of y?
1
Let i = 55 - 51. Let y(m) = 2*m**3 - 4*m**2 + 5*m - 2. What is the units digit of y(i)?
2
Let t(z) = 366*z**2 + 27*z + 2. What is the thousands digit of t(3)?
3
Let u be ((-7)/21)/(1/177). Let y = -6 - u. What is the tens digit of y?
5
Let p(q) = 16*q**2 + 30*q + 26. What is the tens digit of p(-6)?
2
Let i(g) = 11*g**3 - 2*g**2 - 4*g + 4. Suppose 7 = 3*o + 1. What is the units digit of i(o)?
6
Suppose 4*d + 2011 - 6539 = 0. What is the tens digit of d?
3
Suppose 12*u - 14*u = -912. What is the tens digit of u?
5
Let l(w) = -w**2 + 6*w + 11. Let v be l(13). Let g = v - -193. What is the hundreds digit of g?
1
Let i(u) = -u**2 - 13*u + 18. Let v be i(-15). What is the tens digit of ((-6)/v)/((-2)/(-292))?
7
Suppose -10*p + 1076 = -2264. Suppose -2*x + 3*f + p = -f, -3*x + 496 = -f. What is the tens digit of x?
6
Suppose -5*o = -45 + 5. Suppose -2*f - o*f + 450 = 0. What is the units digit of f?
5
Let j = 104 - 45. Suppose -5*y = -3*l + 171, -4*l + 2 = y + 50. Let w = j + y. What is the units digit of w?
3
Let w(f) = f**3 + f**2 + 2*f. Let n = 0 + -2. Let r be w(n). What is the units digit of -1 - (-4 + 3) - r?
8
Let f = 1452 - 886. What is the hundreds digit of f?
5
Suppose 9*i + 30 = 4*i. Let m = -3 - i. Suppose -m*w + 36 + 6 = 0. What is the tens digit of w?
1
Suppose 50 = 11*b - b. Suppose -c = 1 + 3, -f = 3*c + 10. Suppose 0 = -f*t + 5*k + 16, -2*t + b*t + 5*k = -1. What is the units digit of t?
3
Let k be 0 - -1*(-6)/(-2). Let h(p) = 11*p - 4. Let m be h(k). Suppose -5 = 2*n - m. What is the tens digit of n?
1
Let w = 51 + 124. What is the hundreds digit of w?
1
Suppose -13*h - 138 = -4116. What is the hundreds digit of h?
3
Suppose z + 2*z = h + 412, 2*z + 5*h = 252. What is the units digit of z?
6
Let y(g) = g**3 - 6*g**2 + 2. Let z be ((-6)/8)/(1/(-8)). Let a be y(z). Suppose 3*j - 36 = -3*p, -2*j - 36 = -p - a*p. What is the units digit of p?
2
Let n = -424 - -997. What is the tens digit of 3/(-6) - (n/(-6) + -3)?
9
Let i be (-28)/5*(-2635)/34. Suppose 9*m - 2414 = -i. What is the tens digit of m?
2
Let q = 33 + 7. What is the tens digit of (-100)/(-2)*-1*q/(-25)?
8
Let i(j) = 118*j - 310. What is the hundreds digit of i(6)?
3
Suppose 3*m = 3*k + 2054 + 172, 6*m + 5*k = 4419. What is the tens digit of m?
3
Suppose 5*v + 4*d = -0*v + 387, -3*d = 6. Let w = -49 + v. What is the tens digit of w?
3
Let a be ((-12)/(-5))/((-18)/(-2340)). Let l = a - 208. What is the units digit of l?
4
Let d = -11 - -19. Let z be d/12*9/2. Suppose -h - z*h = -84. What is the tens digit of h?
2
Suppose -1 = -m + w - 14, 3*w - 3 = -m. Let y = -1 - m. Suppose -104 = -12*g + y*g. What is the units digit of g?
6
Let y(g) = -4*g + 12. Let w be 3/1*(-28)/(-6). Suppose -4*r + 2*r - 18 = 4*o, -4*r + w = -2*o. What is the tens digit of y(o)?
3
Let j = 269 - 139. What is the tens digit of j?
3
What is the units digit of 700*((-7)/4 + 4)?
5
Suppose 2*y - 3593 = -195. What is the tens digit of y?
9
What is the tens digit of 1/((6/(-13374))/(2/(-6)))?
4
Let t(k) = 231*k - 5. Let q be t(1). What is the units digit of (-7)/((-28)/(-16)) - (-3 - q)?
5
Suppose 2*k - 3*h - 207 - 2546 = 0, 5*h + 4129 = 3*k. What is the hundreds digit of k?
3
Let p = 25 - 69. What is the tens digit of (-4741)/p - (-2)/8?
0
Suppose 0 = -d + 50 - 46. Suppose -2*k - d*g = -72, -g + 86 = 3*k - 12. What is the units digit of k?
2
Let y(f) = -f**2 - 7*f - 2. Let p be y(-5). Let c be -8 + p - (-2 + -28). What is the units digit of ((-1)/3)/((-2)/c)?
5
Let h(i) = 5*i - 5. Let b(m) = -9*m + 10. Let f(l) = -6*b(l) - 11*h(l). Let v be f(-7). What is the tens digit of v/1*(0 + 6)?
1
Let k(z) be the first derivative of z**3/3 - 6*z**2 + 7*z - 5. Let p be k(16). Suppose 0 = 2*d - 5*o - p, 2*d - 28 = d + 4*o. What is the tens digit of d?
4
Suppose 0 = 2*b + 2*a - 57 - 153, b - 5*a - 99 = 0. Let o = 0 + b. What is the units digit of o?
4
Let g be (0 + 2/4)*4. Let j(u) = 2 + 5*u - 2*u**2 - 2*u**2 - g*u + 5*u**2. What is the tens digit of j(4)?
3
Suppose -59*q + 39297 = -16399. What is the hundreds digit of q?
9
Suppose 5*l - 5*u + 100 = 0, 5*l = 4*u - 24 - 75. Let y = -15 - l. Suppose 3*t + y*g = 14 + 9, 9 = -t + 2*g. What is the units digit of t?
1
Let a = 514 + -206. Suppose 2*j - 2*c - a = 0, 0 = -4*j - 5*c - 0*c + 580. What is the hundreds digit of j?
1
Suppose -3 = 20*l - 3. Suppose 30*s - 27*s - 165 = l. What is the tens digit of s?
5
Suppose 19*f - 187 = 7109. What is the hundreds digit of f?
3
Let q = -3 + 6. Let a be (1 + 1/3)*471/314. Suppose n - 3*h = 29, a*h + 51 = 2*n + q*h. What is the units digit of n?
6
Let d be (-9)/(-3) + (-46)/2. Let a = d + 56. Suppose 0*i = -i + a. What is the tens digit of i?
3
Suppose 0*f - 18 = 2*n - 2*f, 5*n - 3*f + 37 = 0. What is the units digit of -86*(n/10 + -1)?
9
Let h be 2/((-10)/(-6) - 1). Let c be 8/h - (-14)/(-21). Suppose -6*d - c*q = -3*d - 42, -4*q = -2*d + 44. What is the tens digit of d?
1
What is the tens digit of -4 + 9 - (-1533 + 17)?
2
Let d = -630 - -972. What is the hundreds digit of d?
3
Suppose x - 8 + 5 = 0. Suppose 0 = x*b + 221 - 725. What is the tens digit of b?
6
Let f(j) = -j**2 + 12*j + 7. Let o be f(13). Let i(h) = -2*h - 12. Let d be i(o). Suppose 2*a - 6*a + 92 = d. What is the units digit of a?
3
Let v(f) = -15*f + 3*f - 8*f + 1. What is the units digit of v(-4)?
1
Suppose -x = -5*u - 480, -2638 = -4*x + u - 756. What is the tens digit of x?
7
Suppose 8*m - 16*m + 3672 = 0. What is the tens digit of m?
5
Let d(y) = 5*y - 4. Let h be d(-6). Suppose 245 = 2*q + 3*q. Let x = h + q. What is the tens digit of x?
1
Let z(g) = 7*g**3 - 13*g**2 + 8*g - 6. Let k(p) = -p**3 + p**2 - 1. Let r(f) = 6*k(f) + z(f). Let u be r(6). What is the tens digit of (u - -18)*48/18?
4
What is the units digit of ((-132)/7)/((-8)/280)?
0
Suppose 1317 + 135 = 3*r. What is the hundreds digit of r?
4
Suppose -25*c + 23*c = 0. Suppose c*a + 117 = 3*a. What is the units digit of a?
9
Suppose 6 = 10*d - 13*d. Let x(y) = 38*y*